{"id":26191,"date":"2018-02-21T22:19:41","date_gmt":"2018-02-21T21:19:41","guid":{"rendered":"http:\/\/prettywoman-kosmetik.de\/?page_id=26191"},"modified":"2018-07-26T16:07:52","modified_gmt":"2018-07-26T14:07:52","slug":"kundeninformation","status":"publish","type":"page","link":"https:\/\/prettywoman-kosmetik.de\/?page_id=26191","title":{"rendered":"Kundeninformation"},"content":{"rendered":"<div class=\"wpb-content-wrapper\"><p>[vc_row][vc_column]<div class=\"gem-textbox \"  ><div class=\"gem-textbox-inner\" style=\"\"><div class=\"gem-textbox-content\" style=\"color: #606060;background-color: #ffffff;background-position: center top;\"><div class=\"clearboth\"><\/div><style>#thegem-divider-69ec9631322de {margin-top: 30px !important;}#thegem-divider-69ec9631322de {margin-bottom: 30px !important;}<\/style><div id=\"thegem-divider-69ec9631322de\" class=\"gem-divider  \" style=\"\" ><\/div>[vc_column_text]<\/p>\n<div class=\"styled-subtitle\" style=\"text-align: center;\">KUNDENINFORMATION<\/div>\n<p>&nbsp;<\/p>\n<p>Bitte kommen Sie 5 bis 10 Minuten vor Beginn Ihrer Behandlung, um diese entspannt genie\u00dfen zu k\u00f6nnen.<\/p>\n<p>Bei Terminabsagen bitte ich Sie 24 Stunden vorher telefonisch Bescheid zu geben.<\/p>\n<p>Gutscheine sind selbstverst\u00e4ndlich zeitlich unbegrenzt g\u00fcltig. Barauszahlungen sind nicht m\u00f6glich.<\/p>\n<p>Preise sind der aktuellen Preisliste zu entnehmen. Sie enthalten bereits die gesetzlich vorgeschriebene Mehrwertsteuer.<\/p>\n<p>Die angegebenen Zeiten sind reine Behandlungszeiten. Nach jeder Behandlung sind weitere 5 bis 10 Minuten f\u00fcr Sie reserviert, um Nachzuruhen und die Behandlungsergebnisse genie\u00dfen zu k\u00f6nnen.<\/p>\n<p>Barzahlung, sowie Zahlung mit EC-Karte sind m\u00f6glich.<\/p>\n<p>Termine werden nach telefonischer Vereinbarung vergeben.[\/vc_column_text]<\/div><\/div><\/div>[\/vc_column][\/vc_row]<\/p>\n<\/div>","protected":false},"excerpt":{"rendered":"<p>[vc_row][vc_column][\/vc_column][\/vc_row]<\/p>\n","protected":false},"author":1,"featured_media":0,"parent":0,"menu_order":0,"comment_status":"closed","ping_status":"closed","template":"","meta":{"footnotes":""},"_links":{"self":[{"href":"https:\/\/prettywoman-kosmetik.de\/index.php?rest_route=\/wp\/v2\/pages\/26191"}],"collection":[{"href":"https:\/\/prettywoman-kosmetik.de\/index.php?rest_route=\/wp\/v2\/pages"}],"about":[{"href":"https:\/\/prettywoman-kosmetik.de\/index.php?rest_route=\/wp\/v2\/types\/page"}],"author":[{"embeddable":true,"href":"https:\/\/prettywoman-kosmetik.de\/index.php?rest_route=\/wp\/v2\/users\/1"}],"replies":[{"embeddable":true,"href":"https:\/\/prettywoman-kosmetik.de\/index.php?rest_route=%2Fwp%2Fv2%2Fcomments&post=26191"}],"version-history":[{"count":17,"href":"https:\/\/prettywoman-kosmetik.de\/index.php?rest_route=\/wp\/v2\/pages\/26191\/revisions"}],"predecessor-version":[{"id":26437,"href":"https:\/\/prettywoman-kosmetik.de\/index.php?rest_route=\/wp\/v2\/pages\/26191\/revisions\/26437"}],"wp:attachment":[{"href":"https:\/\/prettywoman-kosmetik.de\/index.php?rest_route=%2Fwp%2Fv2%2Fmedia&parent=26191"}],"curies":[{"name":"wp","href":"https:\/\/api.w.org\/{rel}","templated":true}]}}